vided by 9075?
15
What is the remainder when 15671 is divided by 87?
11
Calculate the remainder when 328516 is divided by 40.
36
Calculate the remainder when 17147 is divided by 5677.
116
Calculate the remainder when 31678 is divided by 4522.
24
Calculate the remainder when 3113 is divided by 1031.
20
Calculate the remainder when 12018 is divided by 2997.
30
Calculate the remainder when 4882 is divided by 4870.
12
Calculate the remainder when 8778 is divided by 8385.
393
What is the remainder when 37461 is divided by 81?
39
Calculate the remainder when 1862 is divided by 750.
362
What is the remainder when 41299 is divided by 2581?
3
What is the remainder when 126914 is divided by 913?
7
Calculate the remainder when 116843 is divided by 1623.
1610
What is the remainder when 70350 is divided by 338?
46
Calculate the remainder when 315711 is divided by 21.
18
Calculate the remainder when 11242 is divided by 311.
46
What is the remainder when 265888 is divided by 36?
28
Calculate the remainder when 19878 is divided by 83.
41
Calculate the remainder when 4619 is divided by 160.
139
What is the remainder when 145604 is divided by 1174?
28
What is the remainder when 4332 is divided by 310?
302
Calculate the remainder when 5577 is divided by 129.
30
Calculate the remainder when 2658 is divided by 64.
34
What is the remainder when 50491 is divided by 1151?
998
Calculate the remainder when 495 is divided by 196.
103
What is the remainder when 3590 is divided by 448?
6
Calculate the remainder when 1118 is divided by 66.
62
Calculate the remainder when 1367 is divided by 148.
35
What is the remainder when 13154 is divided by 223?
220
Calculate the remainder when 1413179 is divided by 109.
103
Calculate the remainder when 8740 is divided by 8729.
11
What is the remainder when 311569 is divided by 1133?
1127
What is the remainder when 19345 is divided by 17?
16
Calculate the remainder when 17690 is divided by 54.
32
Calculate the remainder when 34504 is divided by 142.
140
Calculate the remainder when 305161 is divided by 33905.
16
Calculate the remainder when 9788 is divided by 39.
38
Calculate the remainder when 941 is divided by 41.
39
What is the remainder when 1392922 is divided by 156?
154
Calculate the remainder when 2094955 is divided by 523736.
11
Calculate the remainder when 38397 is divided by 153.
147
What is the remainder when 1546154 is divided by 674?
672
Calculate the remainder when 8737 is divided by 27.
16
What is the remainder when 107834 is divided by 79?
78
What is the remainder when 53889 is divided by 26936?
17
Calculate the remainder when 40732 is divided by 20366.
0
What is the remainder when 7241283 is divided by 442?
439
Calculate the remainder when 1256038 is divided by 1270.
8
What is the remainder when 4102 is divided by 512?
6
What is the remainder when 8667 is divided by 796?
707
Calculate the remainder when 122247 is divided by 43.
41
What is the remainder when 26357 is divided by 379?
206
Calculate the remainder when 1289 is divided by 280.
169
Calculate the remainder when 4282730 is divided by 13.
10
Calculate the remainder when 10106 is divided by 10055.
51
What is the remainder when 3839129 is divided by 135?
134
Calculate the remainder when 29854 is divided by 68.
2
What is the remainder when 2893676 is divided by 16?
12
What is the remainder when 23176 is divided by 40?
16
Calculate the remainder when 45995 is divided by 411.
374
What is the remainder when 24393 is divided by 57?
54
Calculate the remainder when 22122 is divided by 125.
122
What is the remainder when 849 is divided by 45?
39
Calculate the remainder when 88668 is divided by 65.
8
What is the remainder when 4332 is divided by 613?
41
Calculate the remainder when 22878 is divided by 450.
378
What is the remainder when 1362 is divided by 465?
432
What is the remainder when 2483 is divided by 2395?
88
Calculate the remainder when 885 is divided by 510.
375
What is the remainder when 3854 is divided by 88?
70
Calculate the remainder when 407 is divided by 193.
21
Calculate the remainder when 1987 is divided by 125.
112
Calculate the remainder when 77523 is divided by 657.
654
What is the remainder when 10795 is divided by 180?
175
What is the remainder when 2109 is divided by 66?
63
Calculate the remainder when 1447310 is divided by 49.
46
Calculate the remainder when 10153 is divided by 8.
1
What is the remainder when 3970 is divided by 397?
0
What is the remainder when 15104 is divided by 63?
47
Calculate the remainder when 1891 is divided by 75.
16
Calculate the remainder when 11528 is divided by 3430.
1238
What is the remainder when 1614 is divided by 682?
250
Calculate the remainder when 1570 is divided by 521.
7
What is the remainder when 4275360 is divided by 278?
276
Calculate the remainder when 13486507 is divided by 115.
112
What is the remainder when 22181 is divided by 300?
281
Calculate the remainder when 44809 is divided by 56.
9
Calculate the remainder when 427165 is divided by 17.
6
What is the remainder when 1083 is divided by 1066?
17
Calculate the remainder when 3273 is divided by 1623.
27
What is the remainder when 65925 is divided by 84?
69
What is the remainder when 5257 is divided by 1312?
9
What is the remainder when 126108 is divided by 71?
12
What is the remainder when 3069 is divided by 1529?
11
What is the remainder when 96742 is divided by 64?
38
What is the remainder when 5985 is divided by 189?
126
Calculate the remainder when 333697 is divided by 9.
4
Calculate the remainder when 184790 is divided by 309.
8
What is the remainder when 14807 is divided by 5?
2
Calculate the remainder when 236327 is divided by 51.
44
What is the remainder when 81448 is divided by 13574?
4
Calculate the remainder when 5177 is divided by 957.
392
What is the remainder when 41540 is divided by 18?
14
Calculate the remainder when 19447 is divided by 34.
33
Calculate the remainder when 1338709 is divided by 11.
9
What is the remainder when 101168 is divided by 192?
176
What is the remainder when 26941 is divided by 13346?
249
Calculate the remainder when 20046 is divided by 44.
26
Calculate the remainder when 4149 is divided by 4059.
90
What is the remainder when 39806 is divided by 603?
8
Calculate the remainder when 203747 is divided by 10.
7
What is the remainder when 45235 is divided by 17?
15
What is the remainder when 29928 is divided by 4986?
12
What is the remainder when 137114 is divided by 629?
621
What is the remainder when 328250 is divided by 109382?
104
Calculate the remainder when 27461 is divided by 653.
35
What is the remainder when 7648 is divided by 198?
124
What is the remainder when 3945 is divided by 984?
9
Calculate the remainder when 8053 is divided by 1004.
21
Calculate the remainder when 4124 is divided by 4051.
73
Calculate the remainder when 8731 is divided by 781.
140
Calculate the remainder when 2089 is divided by 520.
9
Calculate the remainder when 13386 is divided by 205.
61
What is the remainder when 28366 is divided by 962?
468
Calculate the remainder when 2278 is divided by 1082.
114
Calculate the remainder when 145538 is divided by 19.
17
Calculate the remainder when 327718 is divided by 124.
110
Calculate the remainder when 1528 is divided by 215.
23
What is the remainder when 6162 is divided by 38?
6
What is the remainder when 6386 is divided by 60?
26
Calculate the remainder when 61773 is divided by 72.
69
What is the remainder when 121363 is divided by 350?
263
Calculate the remainder when 115817 is divided by 112.
9
What is the remainder when 1892 is divided by 1493?
399
What is the remainder when 116050 is divided by 509?
507
What is the remainder when 256706 is divided by 116?
114
Calculate the remainder when 1288 is divided by 1102.
186
What is the remainder when 1105511 is divided by 855?
851
What is the remainder when 8152 is divided by 228?
172
What is the remainder when 6078526 is divided by 48?
46
What is the remainder when 29578 is divided by 1563?
1444
Calculate the remainder when 15566 is divided by 139.
137
Calculate the remainder when 28100 is divided by 14042.
16
Calculate the remainder when 103997 is divided by 175.
47
Calculate the remainder when 14126 is divided by 5907.
2312
What is the r